4*f - 585 = -5*s. What is the remainder when 307 is divided by f?
152
Suppose -9975 = -559*s + 116*s - 82*s. What is the remainder when 3046 is divided by s?
6
Suppose -38*r + 792 = -34*r. What is the remainder when r is divided by 13?
3
What is the remainder when (-1*(-3176)/(-56))/((-3)/21) is divided by 133?
131
Suppose 18 = 6*j - 0. Suppose -j*f - 3*r - r + 14 = 0, 2 = r. Suppose -f*c + 8 = -c. Calculate the remainder when 27 is divided by c.
3
Suppose 2*z + 5*k - 3 = 0, -z + k - 9 + 0 = 0. Let h = 3041 - 3038. Calculate the remainder when 71 is divided by 3/z*h*(-27 + 3).
35
Let l = -36 + 145. Suppose -4*s = -3*s - 2. Suppose 5*x - 18 = s, -v = -3*x - 16. Calculate the remainder when l is divided by v.
25
Let h = -237 + 18. Let u = 463 + h. Suppose -5*s + 2*y = -u, 5*s = -3*y - y + 262. What is the remainder when s is divided by 13?
11
Suppose -18 = 9*a + 9. Let u(v) = 15*v**2 + 11*v - 2. Calculate the remainder when u(a) is divided by 8.
4
Let g = -6523 + 6540. Let b(m) = 5*m + 3. Suppose 9*u - 4*u = -y + 34, -3*u = -4*y + 21. Calculate the remainder when b(y) is divided by g.
14
Let j(w) = -2*w**2 + 20*w + 161. What is the remainder when 581 is divided by j(14)?
42
Suppose -4*m - 4*h - 73 + 1537 = 0, 0 = m + 3*h - 362. Calculate the remainder when m is divided by 56.
32
Let x be (6 - -3)/(78/(-52)). Suppose -3*j + 403 = 5*m, 5*j - 4*m - 351 = 296. What is the remainder when j is divided by ((-2)/8*x)/((-4)/(-88))?
32
Let r(n) = n**3 + 13*n**2 - 22*n - 42. Let u be r(-14). Suppose 555*f + u = 569*f. Calculate the remainder when 166 is divided by f.
1
Suppose -5*o - 4*f + 48 = -2*f, -2*o = -3*f - 4. Suppose -o*q + 10 = 42. Calculate the remainder when 35 is divided by 2/(2*q/(-48)).
11
Let s(q) = -71*q**3 + q**2 + 2*q + 2. Let m be s(-1). Suppose 544 = 7*b - m. Calculate the remainder when b is divided by 23.
19
Suppose -21 = -8*j - 125. Let c = -8 - j. What is the remainder when 6 is divided by c?
1
Suppose 4*f - 118 = 246. Suppose -3*b + 0*w = -w - f, 3*b - 71 = -4*w. What is the remainder when 113 is divided by b?
26
Suppose 429 = 4*z + 385. Suppose -2*b - 5*f = -131, 2*b - 82 - 50 = -4*f. What is the remainder when b is divided by z?
2
Suppose -f - 63 = -4*f. Let g be 0*(-1 - 1 - (0 - 1)). Suppose 8*i - 10*i + 10 = g. What is the remainder when f is divided by i?
1
Let f be (64/5)/(68/1190). Let d = f + 45. Calculate the remainder when d is divided by 54.
53
Let f = -43 + 3915. Calculate the remainder when f is divided by 155.
152
Suppose 558*a + 2*j = 559*a - 28, -2*j + 92 = 5*a. Calculate the remainder when 27 is divided by a.
7
Suppose 0 = -5*u - 4*y - 368, 140 = u - 3*u - 4*y. Suppose -a + 3*a = 14. What is the remainder when 4/32*(1 - 3)*u is divided by a?
5
Suppose 139 + 302 = 49*g. What is the remainder when -10*2/(4/(-5)) is divided by g?
7
Let y(r) = -2*r**3 - 58*r**2 + 43*r - 35. Calculate the remainder when y(-30) is divided by 9.
7
Let k(i) = i**3 + 3*i**2 - 3*i - 3. Let n = 42 + -70. What is the remainder when k(2) is divided by n/21*18/(-4)?
5
Suppose 21 = 5*q - 2*j, -2*j + 6*j = 3*q - 7. Suppose v + 5*z = -25, -q*v - z - 18 = 131. Let m = v - -64. Calculate the remainder when 127 is divided by m.
25
Let w = 122 + 122. Let a = w - 232. Calculate the remainder when 35 is divided by a.
11
Suppose -5 = -x, -66*g + 61*g - 2*x + 3980 = 0. Calculate the remainder when g is divided by 178.
82
Let w(o) = -11*o**3 + 8*o**2 + 7*o + 1. What is the remainder when 2896 is divided by w(-1)?
10
Suppose -3*d = -d - 26. Suppose -5 = i, -5*i - 44 = -3*c - 13. Suppose -58 = -u + c*l, -35*u + 37*u = -4*l + 132. What is the remainder when u is divided by d?
10
Let y(l) = 162*l + 1873. What is the remainder when 2091 is divided by y(-11)?
89
Suppose -3*k - 35 = -185. Let f be (-50 - -2) + (3 - 2). Let t = k + f. Calculate the remainder when t is divided by 1.
0
Let a = 58 + 8. Suppose 3*l - 107 = -j, -5*l + 7*j + 190 = 11*j. Calculate the remainder when a is divided by l.
32
Suppose 9445 = 13*y - 40592. What is the remainder when y is divided by 9?
6
Suppose 7*v - 41 = 1. Calculate the remainder when (564/235)/(6/500) is divided by v.
2
Let r(x) = x**3 + 0*x**3 + 0*x**3 - 62*x + 40*x + 19*x**2 - 14. What is the remainder when (1 + -13)/((-8)/84) is divided by r(-20)?
22
Suppose -1416*x = -1414*x - 12. Suppose -2*v + 94 = 2*c, -3*c - 5*v = -8*c + 275. What is the remainder when c is divided by x?
3
Let z = -3305 + 3309. Calculate the remainder when 17 is divided by z.
1
Let k = -2373 - -2857. What is the remainder when k is divided by 81?
79
Calculate the remainder when 3162 is divided by 3/(3 + -7 + (-430)/(-100)).
2
Calculate the remainder when 62 is divided by 62/(1 + -2 + 2).
0
Let f(r) = -3*r + 77. Let d be (-80)/(-6) - 2/6. Suppose -3*s = -q + 2*s + 177, -10 = -5*s. What is the remainder when q is divided by f(d)?
35
Let n(b) = 55*b - 4. Let h be n(3). Let s = h + -44. Let i(g) = 375*g**2 + 422*g + 87. Calculate the remainder when s is divided by i(-1).
37
Let m = -4 - -30. What is the remainder when (-11)/154 + 0 - (-160823)/1246 is divided by m?
25
Let h be (-5 + 10/8)/(1/136). Suppose -4*g + 54 = 2*r, 4*r - 3*r - 1 = 0. What is the remainder when g is divided by 4/(-14) + h/(-119)?
1
Suppose 64*a + 5*v + 7149 = 66*a, 10761 = 3*a + 5*v. Calculate the remainder when a is divided by 56.
54
Let p = 659 - 321. What is the remainder when p is divided by 51?
32
Let z = 39 + -36. Let x be 2 - z - (-1 + -6). Suppose x*g = 47 + 25. What is the remainder when 44 is divided by g?
8
Suppose 4*p = 5*b - 402, 2*b + p - 13 = 153. What is the remainder when 242 is divided by b?
78
Suppose 4*l - 10 = -2. Suppose l*u - 3*y = 90, 78 = 2*u + 3*y - 36. Let n = -3649 - -3658. Calculate the remainder when u is divided by n.
6
Suppose -4*i = 5*a - 179, -159*i + 59 = 2*a - 156*i. Suppose 0 = 5*u - 4*u + 51. Let p = u - -74. Calculate the remainder when a is divided by p.
20
Suppose 253 = 4*i - 4*a - 183, 0 = -a + 2. Let j = 11287 - 11270. What is the remainder when i is divided by j?
9
Suppose -6*j + 2*o + 708 = 128, -j - 2*o + 106 = 0. What is the remainder when 2839 is divided by j?
95
Let v = -1972 + 2525. What is the remainder when v is divided by 29?
2
Let r = 13692 - 13521. Calculate the remainder when 11797 is divided by r.
169
Let f = -119 + 285. Suppose 0 = -5*j + 34 - 24, -5*j = 3*b - 259. Suppose -31*n - b = -951. Calculate the remainder when f is divided by n.
26
Let q(l) = l**3 + 22*l**2 - 26*l - 31. Let f be q(-23). Let z(s) = -5*s + 0*s + f*s**2 - 2 - 30*s**2 - s**3. What is the remainder when z(5) is divided by 13?
9
Suppose -3*b - 12 = -4*b. Let l(j) = -6*j + 290. What is the remainder when l(44) is divided by -2*(-6)/(-4) + b?
8
Let t(q) = -q**3 + 20*q**2 - 25*q - 30. Let c be t(18). Suppose 4*l = -v + c, -3*v + 3*l + 460 = -119. Calculate the remainder when v is divided by 27.
26
Suppose 3*w = -4*d + 632, -245*d = w - 242*d - 204. What is the remainder when 1050 is divided by w?
186
Let i be (2 + 15)*(-4 - (-7)/1). Suppose 0 = -i*p + 47*p + 152. Calculate the remainder when 57 is divided by p.
19
Let g(h) = 342*h + 7. Let o(s) = 348*s + 8. Let f(w) = 4*g(w) - 3*o(w). Calculate the remainder when f(1) is divided by 22.
20
Let s(l) = -l**2 + 12*l - 3. Suppose 37*t + 56 = 44*t. Calculate the remainder when 56 is divided by s(t).
27
Suppose 2*v = 4*v - 130. Suppose -v = -a - 2*l, -2*l + 4 = -4. Let x(t) = 3958*t - 7901. What is the remainder when a is divided by x(2)?
12
Suppose 55184 - 116 = 52*a. What is the remainder when a is divided by 20?
19
Let d = -10608 - -10730. What is the remainder when 1341 is divided by d?
121
Calculate the remainder when 5206 is divided by ((-1)/2 + 1)/(2 - 415/210).
19
Calculate the remainder when 2548 is divided by ((-8)/4)/(8/(-84)) + -6.
13
Let l = 1 - -9. Let u(i) = -2*i + 26. Let y be u(l). Suppose -5*v = y - 171. Calculate the remainder when 98 is divided by v.
32
Let t be (-8 + (-136)/28)/((-1)/7). Suppose 4*w + 2*w - t = 0. Let b = 122 - 79. Calculate the remainder when b is divided by w.
13
Suppose 22*y = y + 42. Suppose -y*x + h = -72, -17*x + 14*x = -5*h - 108. What is the remainder when 73 is divided by x?
1
Suppose -56 = -8*s + 6*s. Suppose 70*k = 74*k - s. What is the remainder when 45 is divid